{"id":133,"date":"2026-03-03T10:23:30","date_gmt":"2026-03-03T10:23:30","guid":{"rendered":"https:\/\/elenaelzaurdia.fpcei.eu\/?page_id=133"},"modified":"2026-03-03T10:23:30","modified_gmt":"2026-03-03T10:23:30","slug":"parejas","status":"publish","type":"page","link":"https:\/\/elenaelzaurdia.fpcei.eu\/?page_id=133","title":{"rendered":"PAREJAS"},"content":{"rendered":"\n<h3 class=\"wp-block-heading\">1. <strong>Taylor Swift<\/strong><\/h3>\n\n\n\n<p>Una de las relaciones m\u00e1s medi\u00e1ticas de Harry fue con la cantante Taylor Swift. Ambos comenzaron a salir a finales de 2012, y su relaci\u00f3n se mantuvo principalmente en 2013. Durante ese tiempo, fueron fotografiados en varias ocasiones, y su romance fue seguido por la prensa de manera intensiva. Aunque su relaci\u00f3n fue relativamente breve, termin\u00f3 siendo una de las m\u00e1s comentadas debido a las canciones que Taylor Swift lanz\u00f3 despu\u00e9s de su ruptura. Algunos de los temas de su \u00e1lbum <em>1989<\/em>, como \u201cStyle\u201d y \u201cOut of the Woods\u201d, se cre\u00eda que estaban inspirados por Harry.<\/p>\n\n\n\n<h3 class=\"wp-block-heading\">2. <strong>Camille Rowe<\/strong><\/h3>\n\n\n\n<p>La relaci\u00f3n con la modelo francesa Camille Rowe fue m\u00e1s discreta en comparaci\u00f3n con su historia con Taylor Swift, pero igualmente significativa para Harry. Ambos comenzaron a salir en 2017, y su romance dur\u00f3 aproximadamente un a\u00f1o. Durante este tiempo, Harry y Camille fueron vistos juntos en varias ocasiones, y la relaci\u00f3n tuvo un impacto evidente en la m\u00fasica de Styles. Despu\u00e9s de su ruptura, Harry lanz\u00f3 su segundo \u00e1lbum <em>Fine Line<\/em>, y muchas canciones del disco, como \u201cCherry\u201d y \u201cCanyon Moon\u201d, parec\u00edan estar inspiradas por su relaci\u00f3n con Camille.<\/p>\n\n\n\n<h3 class=\"wp-block-heading\">3. <strong>Olivia Wilde<\/strong><\/h3>\n\n\n\n<p>La m\u00e1s reciente relaci\u00f3n confirmada de Harry Styles es con la directora y actriz Olivia Wilde. Los rumores de un romance entre ellos comenzaron a circular en 2021 cuando ambos fueron vistos juntos en el set de <em>Don\u2019t Worry Darling<\/em>, la pel\u00edcula dirigida por Olivia. Con el tiempo, las fotos y momentos p\u00fablicos confirmaron su relaci\u00f3n, que fue recibida con gran atenci\u00f3n medi\u00e1tica. La diferencia de edad y el hecho de que Olivia estaba en proceso de divorcio del actor Jason Sudeikis gener\u00f3 gran revuelo, pero Harry y Olivia han mantenido su relaci\u00f3n de manera relativamente privada. Desde entonces, han sido vistos disfrutando de momentos juntos y han dejado claro que est\u00e1n muy felices como pareja.<\/p>\n","protected":false},"excerpt":{"rendered":"<p>1. Taylor Swift Una de las relaciones m\u00e1s medi\u00e1ticas de Harry fue con la cantante Taylor Swift. Ambos comenzaron a salir a finales de 2012, y su relaci\u00f3n se mantuvo principalmente en 2013. Durante ese tiempo, fueron fotografiados en varias ocasiones, y su romance fue seguido por la prensa de manera intensiva. Aunque su relaci\u00f3n [&hellip;]<\/p>\n","protected":false},"author":2,"featured_media":0,"parent":0,"menu_order":0,"comment_status":"closed","ping_status":"closed","template":"","meta":{"footnotes":""},"class_list":["post-133","page","type-page","status-publish","hentry"],"_links":{"self":[{"href":"https:\/\/elenaelzaurdia.fpcei.eu\/index.php?rest_route=\/wp\/v2\/pages\/133","targetHints":{"allow":["GET"]}}],"collection":[{"href":"https:\/\/elenaelzaurdia.fpcei.eu\/index.php?rest_route=\/wp\/v2\/pages"}],"about":[{"href":"https:\/\/elenaelzaurdia.fpcei.eu\/index.php?rest_route=\/wp\/v2\/types\/page"}],"author":[{"embeddable":true,"href":"https:\/\/elenaelzaurdia.fpcei.eu\/index.php?rest_route=\/wp\/v2\/users\/2"}],"replies":[{"embeddable":true,"href":"https:\/\/elenaelzaurdia.fpcei.eu\/index.php?rest_route=%2Fwp%2Fv2%2Fcomments&post=133"}],"version-history":[{"count":1,"href":"https:\/\/elenaelzaurdia.fpcei.eu\/index.php?rest_route=\/wp\/v2\/pages\/133\/revisions"}],"predecessor-version":[{"id":134,"href":"https:\/\/elenaelzaurdia.fpcei.eu\/index.php?rest_route=\/wp\/v2\/pages\/133\/revisions\/134"}],"wp:attachment":[{"href":"https:\/\/elenaelzaurdia.fpcei.eu\/index.php?rest_route=%2Fwp%2Fv2%2Fmedia&parent=133"}],"curies":[{"name":"wp","href":"https:\/\/api.w.org\/{rel}","templated":true}]}}